{"id":4586,"date":"2018-08-23T07:10:24","date_gmt":"2018-08-23T07:10:24","guid":{"rendered":"https:\/\/bonedil.it\/credits\/"},"modified":"2026-01-17T13:40:18","modified_gmt":"2026-01-17T13:40:18","slug":"credits","status":"publish","type":"page","link":"https:\/\/www.bonedil.it\/it\/credits\/","title":{"rendered":"Credits"},"content":{"rendered":"<p>[et_pb_section fb_built=&#8221;1&#8243; _builder_version=&#8221;4.16&#8243; global_colors_info=&#8221;{}&#8221;][et_pb_row column_structure=&#8221;1_2,1_2&#8243; _builder_version=&#8221;4.16&#8243; background_size=&#8221;initial&#8221; background_position=&#8221;top_left&#8221; background_repeat=&#8221;repeat&#8221; global_colors_info=&#8221;{}&#8221;][et_pb_column type=&#8221;1_2&#8243; _builder_version=&#8221;4.16&#8243; custom_padding=&#8221;|||&#8221; global_colors_info=&#8221;{}&#8221; custom_padding__hover=&#8221;|||&#8221;][et_pb_text _builder_version=&#8221;4.16&#8243; text_font=&#8221;||||||||&#8221; header_font=&#8221;||||||||&#8221; background_size=&#8221;initial&#8221; background_position=&#8221;top_left&#8221; background_repeat=&#8221;repeat&#8221; text_orientation=&#8221;center&#8221; custom_margin=&#8221;|||&#8221; border_width_all=&#8221;1px&#8221; global_colors_info=&#8221;{}&#8221;]<\/p>\n<p class=\"p1\"><b>\u00a9 Copyright Bonedil S.R.L.<\/b><\/p>\n<p><\/p>\n<p class=\"p2\">Via Puren 13<\/p>\n<p><\/p>\n<p class=\"p2\">39019 Tirolo<\/p>\n<p><\/p>\n<p class=\"p2\">Alto Adige &#8211; Italia<\/p>\n<p><\/p>\n<p class=\"p2\">PEC email\u00a0<a href=\"mailto:bonedil@secure-pec.it\"><span class=\"s1\">bonedil@secure-pec.it<\/span><\/a><\/p>\n<p><\/p>\n<p>Codice destinatario SDI W7YVJK9<\/p>\n<p><\/p>\n<p class=\"p2\">Email\u00a0<a href=\"mailto:info@bonedil.it\">info@bonedil.it<\/a><\/p>\n<p><\/p>\n<p class=\"p2\">Sito web\u00a0<a href=\"https:\/\/bonedil.it\/\"><span class=\"s1\">www.bonedil.it<\/span><\/a><\/p>\n<p><\/p>\n<p>Iscrizione al Registro della Camera di Commercio di Bolzano n.01542230212 P.IVA.\u00a001542230212 Capitale sociale 12.750 Euro interamente versato.<\/p>\n<p>[\/et_pb_text][\/et_pb_column][et_pb_column type=&#8221;1_2&#8243; _builder_version=&#8221;4.16&#8243; custom_padding=&#8221;|||&#8221; global_colors_info=&#8221;{}&#8221; custom_padding__hover=&#8221;|||&#8221;][et_pb_text _builder_version=&#8221;4.16&#8243; text_font=&#8221;||||||||&#8221; header_font=&#8221;||||||||&#8221; background_size=&#8221;initial&#8221; background_position=&#8221;top_left&#8221; background_repeat=&#8221;repeat&#8221; text_orientation=&#8221;center&#8221; custom_margin=&#8221;|||&#8221; border_width_all=&#8221;1px&#8221; global_colors_info=&#8221;{}&#8221;]<\/p>\n<p class=\"p1\"><b>\u00a9 Realizzazione kurisMEDiA di Raffeiner Kurt<\/b><\/p>\n<p><\/p>\n<p>.<\/p>\n<p><\/p>\n<p>.<\/p>\n<p><\/p>\n<p>Alto Adige &#8211; Italia<\/p>\n<p><\/p>\n<p>PEC email\u00a0<a href=\"mailto:posta@pec.kurismedia.com\">posta@pec.kurismedia.com<\/a> \u00a0<\/p>\n<p><\/p>\n<p>Email\u00a0<a href=\"mailto:info@kurismedia.com\">info@kurismedia.com<\/a><\/p>\n<p><\/p>\n<p>Sito web\u00a0<a href=\"https:\/\/www.kurismedia.com\">www.kurismedia.com<\/a><\/p>\n<p><\/p>\n<p>Iscrizione al Registro della Camera di Commercio di Bolzano n.195002<\/p>\n<p><\/p>\n<p>P.IVA. 02660760212 \u00a0<\/p>\n<p>[\/et_pb_text][\/et_pb_column][\/et_pb_row][et_pb_row _builder_version=&#8221;4.16&#8243; global_colors_info=&#8221;{}&#8221;][et_pb_column type=&#8221;4_4&#8243; _builder_version=&#8221;4.16&#8243; custom_padding=&#8221;|||&#8221; global_colors_info=&#8221;{}&#8221; custom_padding__hover=&#8221;|||&#8221;][et_pb_text _builder_version=&#8221;4.27.5&#8243; hover_enabled=&#8221;0&#8243; global_colors_info=&#8221;{}&#8221; sticky_enabled=&#8221;0&#8243;]<\/p>\n<p>1. Contenuto I contenuti e le informazioni presenti su questo sito Web sono stati da noi accuratamente controllati. Ci\u00f2 nonostante non ci assumiamo alcuna responsabilit\u00e0 n\u00e9 forniamo garanzie circa la loro esattezza e completezza. Ci riserviamo il diritto di aggiornare, modificare o integrare senza preavviso le informazioni messe a disposizione. 2. Rimandi e link Non ci assumiamo alcuna responsabilit\u00e0 per i contenuti dei link esterni. La responsabilit\u00e0 per il contenuto delle pagine visitabili tramite i link \u00e8 esclusivamente dei gestori delle pagine. 3. Copyright (diritto d&#8217;autore e dei segni distintivi) Il contenuto di questo sito Web \u00e8 protetto da copyright e non pu\u00f2 essere riprodotto o utilizzato in altre pubblicazioni stampate o elettroniche senza la nostra espressa autorizzazione. 4. Validit\u00e0 giuridica Qualora parti o singole formulazioni del presente testo non corrispondano, non corrispondano pi\u00f9 o non corrispondano integralmente alla vigente situazione giuridica, restano comunque immutati il contenuto e la validit\u00e0 delle altre parti del documento. Dall&#8217;uso del sito Web non deriva alcun diritto n\u00e9 alcun contratto. Le controversie giuridiche sono risolte presso il Tribunale per noi competente. 5. Video, musica e fonti di immagini kurisMEDiA di Raffeiner Kurt, Bonedil S.R.L,\u00a0Brillux GmbH &amp; Co. KG, pixabay.com 6. Risoluzione delle controversie online (ODR) Piattaforma della commissione europea per la risoluzione delle controversie online:\u00a0<a title=\"external-link-new-window\" href=\"https:\/\/webgate.ec.europa.eu\/odr\/main\/index.cfm?event=main.home.show&amp;lng=IT\" target=\"www.ec.europa.eu\/consumers\/odr\">www.ec.europa.eu\/consumers\/odr<\/a> \u00a0<\/p>\n<p><\/p>\n<p>La BONEDIL \u00e8 impegnata nel sostegno dei valori della diversit\u00e0, dell\u2019inclusione e della parit\u00e0 di genere attraverso l\u2019adozione di meccanismi societari, organizzativi e gestionali improntati al rispetto dei diritti e della libert\u00e0 e dignit\u00e0 delle persone. In particolare la nostra azienda si \u00e8 dotata di un sistema di gestione UNI\/PdR 125: I \u2018azienda, infatti, opera secondo la prassi UNI\/PdR 125:2022 attraverso un approccio basato sull\u2019imparzialit\u00e0 e non ammette alcuna forma di discriminazione diretta o indiretta, multipla e interconnessa in relazione al genere, all\u2019et\u00e0, all\u2019orientamento e all\u2018identit\u00e0 sessuale, alla disabilit\u00e0, allo stato di salute, all\u2019origine etnica, alla nazionalit\u00e0, alle opinioni politiche, alla categoria sociale di appartenenza e alla fede religiosa. Promuove inoltre le condizioni che consentono di rimuovere gli ostacoli culturali, organizzativi e materiali che limitano l&#8217;espressione piena delle persone e la Ioro completa valorizzazione all\u2019interno dell\u2018organizzazione. La BONEDIL preserva il valore del proprio personale e ne promuove la tutela dell\u2019integrit\u00e0 psicofisica, morale e culturale attraverso condizioni di lavoro rispettose della dignit\u00e0 individuale e delle regole comportamentali. La politica punta a sviluppare un approccio chiaro in termini di missione, strategie e pratiche attive al fine di stimolare un ambiente di lavoro collaborativo, solidale aperto ai contributi di tutti i dipendenti e le dipendenti per aumentare la fiducia delle persone, dei clienti e, in generale, della societ\u00e0 civile. L\u2019obiettivo \u00e8 quello di favorire la diversit\u00e0 in tutte le sue dimensioni per coglierne al massimo le opportunit\u00e0 derivanti e generare valore all\u2019interno degli ambienti di lavoro ottenendo anche un vantaggio competitivo sul business. Tale politica ribadisce l\u2019impegno dell\u2019azienda a rispettare e a divulgare attivamente i principi previsti dalla normativa vigente, dalle disposizioni contrattuali e dagli standard emanati da organizzazioni internazionali di riferimento: Agenda 2030 per lo Sviluppo Sostenibile e i relativi obiettivi di Sviluppo Sostenibile &#8211; Sustainable Development Goals -SDGs ; Global Compact e Women\u2019s Empowerment Principles delle Nazioni Unite, Dichiarazione Universale dei Diritti Umani, Convenzioni delle Nazioni Unite sui diritti delle donne, sull\u2019eliminazione di ogni forma di discriminazione razziale, sui diritti dell\u2019infanzia, sui diritti delle persone con disabilit\u00e0; Dichiarazione sui Principi e i Diritti Fondamentali nel Lavoro e le otto Convenzioni fondamentali deIl\u2019Organizzazione Internazionale del Lavoro (ILO); Convenzione ILO sulla violenza e sulle molestie del giugno 2019. L\u2019impegno della BONEDIL \u00e8 volto a preservare il valore delle persone, affinch\u00e9 ognuno si senta incluso e possa dare il meglio di s\u00e9 sentendosi veramente parte integrante della societ\u00e0, si sostanzia in una strategia di sviluppo e gestione delle risorse umane, in grado di promuovere una cultura inclusiva per valorizzare l\u2019unicit\u00e0 delle persone e l&#8217;accesso alle medesime possibilit\u00e0 di crescita professionale a prescindere dal ruolo ricoperto nell\u2019organizzazione. A livello di gestione del personale e delle barriere sono state impostate specifiche procedure operative che gestiscono i relativi ambiti in ottica di Parit\u00e0 di Genere. A livello di comunicazione (attivit\u00e0 di marketing e pubblicit\u00e0) la BONEDIL dichiara in modo trasparente la volont\u00e0 di perseguire la parit\u00e0 di genere, valorizzare le diversit\u00e0 e supportare I\u2019empowerment femminile. La BONEDIL attua una politica volta a favorire la parit\u00e0 di genere non solo al proprio interno, ma soprattutto privilegiando relazioni e rapporti commerciali con aziende altrettanto impegnati nelle tematiche di Diversit\u00e0, inclusione e parit\u00e0 di genere. L\u2019Alta Direzione ha identificato una risorsa competente per la gestione del sistema di gestione nella figura del RSGI. Inoltre, al fine di creare un presidio attivo in Tema di Parit\u00e0 di Genere, viene costituito il comitato PARITA\u2019 DI GENERE. La presente politica viene resa disponibile per la consultazione sul ns. sito web.<\/p>\n<p>[\/et_pb_text][\/et_pb_column][\/et_pb_row][\/et_pb_section]<\/p>\n","protected":false},"excerpt":{"rendered":"<p>\u00a9 Copyright Bonedil S.R.L.Via Puren 1339019 TiroloAlto Adige &#8211; ItaliaPEC email\u00a0bonedil@secure-pec.itCodice destinatario SDI W7YVJK9Email\u00a0info@bonedil.itSito web\u00a0www.bonedil.itIscrizione al Registro della Camera di Commercio di Bolzano n.01542230212 P.IVA.\u00a001542230212 Capitale sociale 12.750 Euro interamente versato.\u00a9 Realizzazione kurisMEDiA di Raffeiner Kurt..Alto Adige &#8211; ItaliaPEC email\u00a0posta@pec.kurismedia.com \u00a0Email\u00a0info@kurismedia.comSito web\u00a0www.kurismedia.comIscrizione al Registro della Camera di Commercio di Bolzano n.195002P.IVA. 02660760212 \u00a01. Contenuto I [&hellip;]<\/p>\n","protected":false},"author":1,"featured_media":0,"parent":0,"menu_order":0,"comment_status":"closed","ping_status":"closed","template":"","meta":{"_et_pb_use_builder":"on","_et_pb_old_content":"","_et_gb_content_width":"","footnotes":""},"class_list":["post-4586","page","type-page","status-publish","hentry"],"aioseo_notices":[],"_links":{"self":[{"href":"https:\/\/www.bonedil.it\/it\/wp-json\/wp\/v2\/pages\/4586","targetHints":{"allow":["GET"]}}],"collection":[{"href":"https:\/\/www.bonedil.it\/it\/wp-json\/wp\/v2\/pages"}],"about":[{"href":"https:\/\/www.bonedil.it\/it\/wp-json\/wp\/v2\/types\/page"}],"author":[{"embeddable":true,"href":"https:\/\/www.bonedil.it\/it\/wp-json\/wp\/v2\/users\/1"}],"replies":[{"embeddable":true,"href":"https:\/\/www.bonedil.it\/it\/wp-json\/wp\/v2\/comments?post=4586"}],"version-history":[{"count":3,"href":"https:\/\/www.bonedil.it\/it\/wp-json\/wp\/v2\/pages\/4586\/revisions"}],"predecessor-version":[{"id":9562,"href":"https:\/\/www.bonedil.it\/it\/wp-json\/wp\/v2\/pages\/4586\/revisions\/9562"}],"wp:attachment":[{"href":"https:\/\/www.bonedil.it\/it\/wp-json\/wp\/v2\/media?parent=4586"}],"curies":[{"name":"wp","href":"https:\/\/api.w.org\/{rel}","templated":true}]}}

<p>[et_pb_section fb_built=&#8221;1&#8243; _builder_version=&#8221;4.16&#8243; global_colors_info=&#8221;{}&#8221;][et_pb_row column_structure=&#8221;1_2,1_2&#8243; _builder_version=&#8221;4.16&#8243; background_size=&#8221;initial&#8221; background_position=&#8221;top_left&#8221; background_repeat=&#8221;repeat&#8221; global_colors_info=&#8221;{}&#8221;][et_pb_column type=&#8221;1_2&#8243; _builder_version=&#8221;4.16&#8243; custom_padding=&#8221;|||&#8221; global_colors_info=&#8221;{}&#8221; custom_padding__hover=&#8221;|||&#8221;][et_pb_text _builder_version=&#8221;4.16&#8243; text_font=&#8221;||||||||&#8221; header_font=&#8221;||||||||&#8221; background_size=&#8221;initial&#8221; background_position=&#8221;top_left&#8221; background_repeat=&#8221;repeat&#8221; text_orientation=&#8221;center&#8221; custom_margin=&#8221;|||&#8221; border_width_all=&#8221;1px&#8221; global_colors_info=&#8221;{}&#8221;]</p>
<p class="p1"><b>© Copyright Bonedil S.R.L.</b></p>
<p></p>
<p class="p2">Via Puren 13</p>
<p></p>
<p class="p2">39019 Tirolo</p>
<p></p>
<p class="p2">Alto Adige &#8211; Italia</p>
<p></p>
<p class="p2">PEC email <a href="mailto:bonedil@secure-pec.it"><span class="s1">bonedil@secure-pec.it</span></a></p>
<p></p>
<p>Codice destinatario SDI W7YVJK9</p>
<p></p>
<p class="p2">Email <a href="mailto:info@bonedil.it">info@bonedil.it</a></p>
<p></p>
<p class="p2">Sito web <a href="https://bonedil.it/"><span class="s1">www.bonedil.it</span></a></p>
<p></p>
<p>Iscrizione al Registro della Camera di Commercio di Bolzano n.01542230212 P.IVA. 01542230212 Capitale sociale 12.750 Euro interamente versato.</p>
<p>[/et_pb_text][/et_pb_column][et_pb_column type=&#8221;1_2&#8243; _builder_version=&#8221;4.16&#8243; custom_padding=&#8221;|||&#8221; global_colors_info=&#8221;{}&#8221; custom_padding__hover=&#8221;|||&#8221;][et_pb_text _builder_version=&#8221;4.16&#8243; text_font=&#8221;||||||||&#8221; header_font=&#8221;||||||||&#8221; background_size=&#8221;initial&#8221; background_position=&#8221;top_left&#8221; background_repeat=&#8221;repeat&#8221; text_orientation=&#8221;center&#8221; custom_margin=&#8221;|||&#8221; border_width_all=&#8221;1px&#8221; global_colors_info=&#8221;{}&#8221;]</p>
<p class="p1"><b>© Realizzazione kurisMEDiA di Raffeiner Kurt</b></p>
<p></p>
<p>.</p>
<p></p>
<p>.</p>
<p></p>
<p>Alto Adige &#8211; Italia</p>
<p></p>
<p>PEC email <a href="mailto:posta@pec.kurismedia.com">posta@pec.kurismedia.com</a>  </p>
<p></p>
<p>Email <a href="mailto:info@kurismedia.com">info@kurismedia.com</a></p>
<p></p>
<p>Sito web <a href="https://www.kurismedia.com">www.kurismedia.com</a></p>
<p></p>
<p>Iscrizione al Registro della Camera di Commercio di Bolzano n.195002</p>
<p></p>
<p>P.IVA. 02660760212  </p>
<p>[/et_pb_text][/et_pb_column][/et_pb_row][et_pb_row _builder_version=&#8221;4.16&#8243; global_colors_info=&#8221;{}&#8221;][et_pb_column type=&#8221;4_4&#8243; _builder_version=&#8221;4.16&#8243; custom_padding=&#8221;|||&#8221; global_colors_info=&#8221;{}&#8221; custom_padding__hover=&#8221;|||&#8221;][et_pb_text _builder_version=&#8221;4.27.5&#8243; hover_enabled=&#8221;0&#8243; global_colors_info=&#8221;{}&#8221; sticky_enabled=&#8221;0&#8243;]</p>
<p>1. Contenuto I contenuti e le informazioni presenti su questo sito Web sono stati da noi accuratamente controllati. Ciò nonostante non ci assumiamo alcuna responsabilità né forniamo garanzie circa la loro esattezza e completezza. Ci riserviamo il diritto di aggiornare, modificare o integrare senza preavviso le informazioni messe a disposizione. 2. Rimandi e link Non ci assumiamo alcuna responsabilità per i contenuti dei link esterni. La responsabilità per il contenuto delle pagine visitabili tramite i link è esclusivamente dei gestori delle pagine. 3. Copyright (diritto d&#8217;autore e dei segni distintivi) Il contenuto di questo sito Web è protetto da copyright e non può essere riprodotto o utilizzato in altre pubblicazioni stampate o elettroniche senza la nostra espressa autorizzazione. 4. Validità giuridica Qualora parti o singole formulazioni del presente testo non corrispondano, non corrispondano più o non corrispondano integralmente alla vigente situazione giuridica, restano comunque immutati il contenuto e la validità delle altre parti del documento. Dall&#8217;uso del sito Web non deriva alcun diritto né alcun contratto. Le controversie giuridiche sono risolte presso il Tribunale per noi competente. 5. Video, musica e fonti di immagini kurisMEDiA di Raffeiner Kurt, Bonedil S.R.L, Brillux GmbH &amp; Co. KG, pixabay.com 6. Risoluzione delle controversie online (ODR) Piattaforma della commissione europea per la risoluzione delle controversie online: <a title="external-link-new-window" href="https://webgate.ec.europa.eu/odr/main/index.cfm?event=main.home.show&amp;lng=IT" target="www.ec.europa.eu/consumers/odr">www.ec.europa.eu/consumers/odr</a>  </p>
<p></p>
<p>La BONEDIL è impegnata nel sostegno dei valori della diversità, dell’inclusione e della parità di genere attraverso l’adozione di meccanismi societari, organizzativi e gestionali improntati al rispetto dei diritti e della libertà e dignità delle persone. In particolare la nostra azienda si è dotata di un sistema di gestione UNI/PdR 125: I ‘azienda, infatti, opera secondo la prassi UNI/PdR 125:2022 attraverso un approccio basato sull’imparzialità e non ammette alcuna forma di discriminazione diretta o indiretta, multipla e interconnessa in relazione al genere, all’età, all’orientamento e all‘identità sessuale, alla disabilità, allo stato di salute, all’origine etnica, alla nazionalità, alle opinioni politiche, alla categoria sociale di appartenenza e alla fede religiosa. Promuove inoltre le condizioni che consentono di rimuovere gli ostacoli culturali, organizzativi e materiali che limitano l&#8217;espressione piena delle persone e la Ioro completa valorizzazione all’interno dell‘organizzazione. La BONEDIL preserva il valore del proprio personale e ne promuove la tutela dell’integrità psicofisica, morale e culturale attraverso condizioni di lavoro rispettose della dignità individuale e delle regole comportamentali. La politica punta a sviluppare un approccio chiaro in termini di missione, strategie e pratiche attive al fine di stimolare un ambiente di lavoro collaborativo, solidale aperto ai contributi di tutti i dipendenti e le dipendenti per aumentare la fiducia delle persone, dei clienti e, in generale, della società civile. L’obiettivo è quello di favorire la diversità in tutte le sue dimensioni per coglierne al massimo le opportunità derivanti e generare valore all’interno degli ambienti di lavoro ottenendo anche un vantaggio competitivo sul business. Tale politica ribadisce l’impegno dell’azienda a rispettare e a divulgare attivamente i principi previsti dalla normativa vigente, dalle disposizioni contrattuali e dagli standard emanati da organizzazioni internazionali di riferimento: Agenda 2030 per lo Sviluppo Sostenibile e i relativi obiettivi di Sviluppo Sostenibile &#8211; Sustainable Development Goals -SDGs ; Global Compact e Women’s Empowerment Principles delle Nazioni Unite, Dichiarazione Universale dei Diritti Umani, Convenzioni delle Nazioni Unite sui diritti delle donne, sull’eliminazione di ogni forma di discriminazione razziale, sui diritti dell’infanzia, sui diritti delle persone con disabilità; Dichiarazione sui Principi e i Diritti Fondamentali nel Lavoro e le otto Convenzioni fondamentali deIl’Organizzazione Internazionale del Lavoro (ILO); Convenzione ILO sulla violenza e sulle molestie del giugno 2019. L’impegno della BONEDIL è volto a preservare il valore delle persone, affinché ognuno si senta incluso e possa dare il meglio di sé sentendosi veramente parte integrante della società, si sostanzia in una strategia di sviluppo e gestione delle risorse umane, in grado di promuovere una cultura inclusiva per valorizzare l’unicità delle persone e l&#8217;accesso alle medesime possibilità di crescita professionale a prescindere dal ruolo ricoperto nell’organizzazione. A livello di gestione del personale e delle barriere sono state impostate specifiche procedure operative che gestiscono i relativi ambiti in ottica di Parità di Genere. A livello di comunicazione (attività di marketing e pubblicità) la BONEDIL dichiara in modo trasparente la volontà di perseguire la parità di genere, valorizzare le diversità e supportare I’empowerment femminile. La BONEDIL attua una politica volta a favorire la parità di genere non solo al proprio interno, ma soprattutto privilegiando relazioni e rapporti commerciali con aziende altrettanto impegnati nelle tematiche di Diversità, inclusione e parità di genere. L’Alta Direzione ha identificato una risorsa competente per la gestione del sistema di gestione nella figura del RSGI. Inoltre, al fine di creare un presidio attivo in Tema di Parità di Genere, viene costituito il comitato PARITA’ DI GENERE. La presente politica viene resa disponibile per la consultazione sul ns. sito web.</p>
<p>[/et_pb_text][/et_pb_column][/et_pb_row][/et_pb_section]</p>
